 (-6 + z)*(0 + 1). Suppose p*j - 11 = 33. What is the units digit of j?
1
Let q be (3/(-6))/(3/(-12)). Let o = -12 + q. What is the units digit of (o/25)/((-1)/20)?
8
Let u(f) be the first derivative of f**3/3 - 3*f**2 + 2*f - 5. What is the tens digit of u(9)?
2
Suppose 4*l - 24 = -2*n, l - 8 = -3. Suppose 5*t + 7 + 3 = 0, 4*r - 80 = -n*t. What is the units digit of r?
1
Let m = -49 + 99. Let q = -28 + m. What is the units digit of q?
2
What is the tens digit of 10/35 + (-318)/(-14)?
2
Suppose -j + 5*z = -2*j - 2, -3*j - z = -8. Suppose -13 = 2*f - j*f. What is the tens digit of f?
1
What is the tens digit of 0 + 1 + (-5439)/(-49)?
1
Suppose 3*t = -q + 28, 4*q + 3*t - 82 = t. What is the units digit of q?
9
What is the units digit of 795/20 - (-1)/4?
0
Suppose -6*o = 5*a - 3*o - 104, -3*a = 2*o - 62. Suppose -7 = 3*y - a. What is the units digit of y?
5
Let r(h) = -h - 4. Let w = 12 - 6. Let y be w/(-21) + 80/(-14). What is the units digit of r(y)?
2
Let k = 32 + -23. Let j = 2 + k. What is the tens digit of j?
1
Suppose -d + 3 = 3*z - 4*d, 5*z - 14 = 2*d. Suppose -z = -0*p - p. What is the units digit of p?
4
Suppose -2*k = -3 - 3, 3*p = 3*k + 87. What is the tens digit of p?
3
Let p = 9 + -8. What is the units digit of p?
1
Let a be (-6)/(-4)*2 + 98. Let l = a + -56. What is the tens digit of l?
4
Let b(w) = w. Let h(u) = -u**3 - 7*u**2 - 2*u + 4. Let y(l) = 2*b(l) + h(l). Let p be y(-7). Suppose 0*g - p*g + 8 = 0. What is the units digit of g?
2
Let w(k) = -k**3 + k - 3. Let o be w(0). What is the units digit of 1/(-2)*36/o?
6
Let q = -11 - -35. What is the tens digit of q?
2
Let p = 16 - -67. Suppose 4*t - 33 = p. What is the units digit of t?
9
What is the units digit of 5/((-15)/(-12)) - 1?
3
Suppose 5*r = k + 21, 4*k - k = -4*r + 32. Suppose -3*f + k*f = 0. Suppose f = l - 6*l + 15. What is the units digit of l?
3
Let y = 1 - 3. What is the units digit of 0 - -1 - (y - 23)?
6
Suppose 0 = c - 4*c. Suppose 2*p - 16 = -c. What is the units digit of p?
8
Suppose 0 = 3*p - 3*k - 663, p + 4*k + 0*k - 226 = 0. What is the hundreds digit of p?
2
Let s(n) = 2*n**2 + 4*n - 3. Let h be s(3). Let x = h - -3. Suppose v + v - x = 0. What is the tens digit of v?
1
Let n = 9 - 9. Suppose -4*f + 14 + 2 = n. Suppose r + 0*v = -v + 8, f*v - 28 = -3*r. What is the units digit of r?
4
Suppose -3*n - 156 = -4*g, -g - 2*g = 5*n - 88. Suppose 2*t = -5*x + 39 - 3, -5*t + g = -x. What is the units digit of t?
8
What is the units digit of (-2)/(158/40 + -4)?
0
What is the tens digit of 492/9 - -1 - (-2)/(-3)?
5
Let y be 78 + -4 + 1 + 2. Let i = y + -48. What is the units digit of i?
9
Suppose 2*p = p + 5. Suppose 0 = p*s - 92 - 83. What is the tens digit of s?
3
Let g be (4/8)/((-2)/(-24)). Suppose g*b - 3*b = 5*o, 0 = -2*o. Suppose 0 = 2*y - b*y - 8. What is the units digit of y?
4
Suppose 5*u = -3 + 28. Let x = u - 2. What is the units digit of x?
3
Let o(l) = l + 2. Let s be o(5). Let i(x) be the first derivative of x**3/3 - 3*x**2 - 3*x - 2. What is the units digit of i(s)?
4
Let t(a) = -5*a + 1. Let k be t(-1). Let y = 8 - k. Suppose -y*m + 24 = m. What is the units digit of m?
8
Let l(j) = j**3 - 11*j + 3. What is the tens digit of l(5)?
7
Suppose -y - 11 = -a - 2*a, -y - 6 = -2*a. Suppose q + 10 = i - 0*q, a*q = -2*i + 6. What is the units digit of i?
8
Suppose 3*x = -4*d + 111, 4*d = x - d - 37. What is the units digit of x?
7
Suppose -4*m - 3 = -8*m - f, -5*m + 5 = f. Suppose -5*i = 5*d - 60, -4*i - 2 = -m*d + 16. Let n = 1 + d. What is the tens digit of n?
1
Let s(p) = 2*p + 1. Let l be s(1). Suppose 0 = 2*t - 1 - l. What is the units digit of 10/(-1 - (-4)/t)?
0
What is the units digit of ((-129)/3)/(1 + (-4)/3)?
9
Let z = 15 + -9. What is the units digit of 6/9*z/4?
1
Let w(h) = -h**2 - 6*h + 1. Let y be w(-6). Let p(d) = 4*d - 5 + 4*d + 4 + 8*d. What is the tens digit of p(y)?
1
Suppose 0 = -2*y - 0*y - 8. Let w be (-34)/y + (-2)/4. Suppose -w = -r - r. What is the units digit of r?
4
Let q be 2/(-9) - (-58)/18. Suppose -2*u + 0*r + 40 = 2*r, 2*r = -q*u + 59. What is the units digit of u?
9
Let k = 1 - -3. Let j(h) = h + 2. What is the units digit of j(k)?
6
What is the tens digit of (-30)/105 + (-303)/(-7)?
4
Suppose -6*h - 346 = -8*h. What is the units digit of h?
3
Suppose 2*i + 12 = 3*b + 2*b, -2*b + 4 = -i. What is the units digit of b?
4
Let n(h) = 244*h**3 - h**2 - 3*h + 3. What is the tens digit of n(1)?
4
Let p be (0/(2 + 2))/(-3). Let d = p + 16. What is the units digit of d?
6
Let o be 34/(-6) - 8/(-12). Let u(g) = g**2 + 2*g. Let c be u(o). What is the units digit of ((-18)/c)/((-2)/10)?
6
Let z(n) = 6*n**2 + n - 1. Let a be z(1). Suppose -5*k + 25 = 0, -5*k + 31 = 2*w - a. What is the units digit of w?
6
Let g(o) = 8*o**2 - 3*o - 2. What is the units digit of g(-1)?
9
Suppose 4*g - 7 = -3. What is the units digit of g?
1
Let u(r) = -r + 8. Let d(q) = -q**3 + 3*q**2 + 3*q - 4. Let a be d(4). Let c be ((-3)/(-4))/((-1)/a). What is the units digit of u(c)?
2
Let y = -11 - -5. Let p(a) = -a**2 - 9*a - 1. What is the units digit of p(y)?
7
Suppose -6*n = -n + 3*v + 629, 2*n - 3*v = -239. Let u = 74 + n. What is the units digit of u/(-4) + (-2)/4?
2
What is the hundreds digit of (0 + (-2)/3)*(-1482)/4?
2
Let k(t) = 3*t - 12. Let p be k(10). What is the units digit of (-4)/(-18) - (-266)/p?
5
What is the tens digit of -1 + (-3)/6*-114?
5
What is the tens digit of -3 + (-1 - -72 - 1)?
6
Let l(n) = 3*n - 2. Let k be l(2). Suppose 2*m - k = 14. What is the units digit of m?
9
Suppose 2*l = -0*l + 56. What is the units digit of l?
8
Suppose 0 = -0*u + 2*u. Suppose 32 = 2*b - 0*b + 2*a, a - 5 = u. What is the tens digit of b?
1
Let c(s) be the third derivative of -s**4/24 + 2*s**3/3 - s**2. Let g(v) = v - 2. Let k be g(2). What is the units digit of c(k)?
4
Let o = 45 - 21. What is the units digit of o?
4
Suppose -5*z - 16 + 1 = 0. Let b be (1 + -4)*(z - -2). Suppose x + b = 2*k + 18, 4*k = 4*x - 40. What is the units digit of x?
5
Suppose -2*w + 2*z = 7*z - 63, 3*w = -z + 75. What is the tens digit of w?
2
What is the units digit of (-10)/6*(-18)/15?
2
Let c(x) = 4*x**2 + x + 4. Let o = 2 - 4. Let z(v) = 5*v**2 + 2*v + 5. Let r(g) = o*z(g) + 3*c(g). What is the tens digit of r(3)?
1
Suppose 2*f - 28 = 2. What is the units digit of f?
5
Suppose 190 = -8*m + 2758. What is the tens digit of m?
2
Suppose 2*d - 135 = -33. What is the units digit of d?
1
Let u(t) be the first derivative of -t**3/3 + t**2/2 + 4*t - 1. What is the units digit of u(0)?
4
Let h = -19 + 31. Suppose -y - h = -4*y. Suppose -d = f - 3, 3*f - y*d = 5 + 11. What is the units digit of f?
4
Suppose -x - 4*r = -22, 2*x = r + 2 + 15. What is the tens digit of x?
1
Let r(h) = -8*h**3 - 3*h**2. What is the units digit of r(-2)?
2
Suppose 4*g + 40 = 3*l - l, 4*l + 3*g = 135. What is the units digit of l?
0
Let c(r) = r**3 - 6*r**2 + 4*r + 3. Let m be c(5). Let h = m + 0. Let d = -1 - h. What is the units digit of d?
1
Let k(a) be the third derivative of -5*a**4/8 - 55*a**3/6 + 2*a**2. Let d(o) = o + 4. Let q(r) = -55*d(r) - 4*k(r). What is the units digit of q(2)?
0
Let r be (-1)/(-3) + (-670)/(-15). Suppose 4*w - 53 = -5*t + 2*w, 0 = 4*t - w - r. What is the tens digit of t?
1
Suppose 5*q + 27 = 6*q. What is the tens digit of q?
2
Suppose 2*v + 2 = v. Let t = -25 + 24. What is the units digit of 1*(16 + v + t)?
3
Suppose -319 = -6*p + 83. What is the tens digit of p?
6
Suppose 5*p - 213 = 32. Let n be 259/p - (-4)/(-14). Suppose -n*k = m - 77, 4*k = 5*k - 3*m - 9. What is the tens digit of k?
1
Let u(x) = -x**3 - 5*x**2 - 3*x + 2. Let v be u(4). Let n = -54 - v. Suppose 5*d + 10 - n = 0. What is the units digit of d?
8
Suppose -c + 1 = -5*u + 3*u, 0 = -3*c + u + 8. Suppose 63 = 3*i + c*r, 5*i - 55 = 4*r + r. What is the tens digit of i?
1
Let h(p) = p**3 + 4*p - 2*p + 3 + 5*p + 2*p - 8*p**2. What is the units digit of h(7)?
7
Suppose 2*h = 4*w + 66, 2*h = -0*w - 2*w + 36. What is the tens digit of h?
2
Suppose 2*s - 28 = 834. What is the units digit of s?
1
Let j(f) = -f**3 + f**2 + f + 4. Let q be j(0). Suppose -q*s = -2 - 38. What is the units digit of s?
0
Let z(s) = s + 7. Let d be z(-3). Suppose d*u = 8 - 20. What is the units digit of (-11)/2*(-5 - u)?
1
Suppose 4 = -5*i + 5